er?
True
Is 712417577 a prime number?
True
Is 79976708206 prime?
False
Is 8970910831 composite?
False
Is 666621677 prime?
True
Is 5271722897 a composite number?
True
Is 1526989561 a prime number?
False
Is 772785641 composite?
True
Is 709161899 a composite number?
False
Is 60876393587 a composite number?
True
Is 6202738889 composite?
True
Is 1465964873 prime?
False
Is 1503305345 prime?
False
Is 30930178757 prime?
True
Is 992814623 composite?
True
Is 291042467 prime?
False
Is 20570893909 prime?
False
Is 16501962929 a prime number?
True
Is 118759057 a composite number?
False
Is 7928002081 prime?
True
Is 5008441283 composite?
True
Is 22715096905 a prime number?
False
Is 49686391627 prime?
False
Is 102076937251 a composite number?
True
Is 2113138103 a prime number?
True
Is 1972420339 a composite number?
False
Is 590991629 a composite number?
False
Is 5094235343 a composite number?
True
Is 11482145209 composite?
False
Is 258368359 prime?
True
Is 4065727079 a composite number?
False
Is 58824439879 composite?
False
Is 1126398809 a composite number?
True
Is 1212625811 composite?
True
Is 95415337 prime?
False
Is 2808117259 a composite number?
False
Is 87956893 composite?
True
Is 14000984717 a composite number?
False
Is 650602129 composite?
True
Is 531505727 a composite number?
False
Is 701901737 a composite number?
True
Is 5714413699 prime?
True
Is 29416696633 composite?
False
Is 120713071 prime?
True
Is 94783939 composite?
False
Is 4131458729 composite?
False
Is 1671435389 a composite number?
True
Is 25775790863 a prime number?
True
Is 1766413367 composite?
True
Is 171319763 a composite number?
False
Is 16386023141 a prime number?
False
Is 1093408543 a prime number?
False
Is 34405267111 composite?
False
Is 58849589123 composite?
True
Is 11137369049 a composite number?
False
Is 96532502231 a composite number?
True
Is 309446562461 prime?
True
Is 4290079979 a composite number?
False
Is 23155654909 a composite number?
True
Is 9297749 composite?
True
Is 5647193389 a prime number?
True
Is 2352901267 prime?
False
Is 57510241531 composite?
True
Is 746322643 composite?
True
Is 27458613701 prime?
True
Is 1208073791 prime?
False
Is 95330670271 composite?
False
Is 1063203643 a prime number?
True
Is 760600707 a composite number?
True
Is 416054783 a prime number?
False
Is 1322266549 a composite number?
False
Is 438602069 a composite number?
False
Is 10859597555 a prime number?
False
Is 5874974057 a prime number?
True
Is 44731548382 prime?
False
Is 12492590501 prime?
True
Is 644081421 composite?
True
Is 29948335369 prime?
True
Is 1241970641 a composite number?
False
Is 6694901669 a composite number?
False
Is 123863313983 composite?
False
Is 6229975597 a prime number?
False
Is 38761165119 composite?
True
Is 690609719 composite?
True
Is 2874611209 a composite number?
True
Is 531321289 a prime number?
False
Is 10398403031 a composite number?
True
Is 1835495503 a prime number?
False
Is 28257451631 a composite number?
True
Is 48797614 a composite number?
True
Is 4172317729 a prime number?
True
Is 113196166789 a composite number?
True
Is 28450931419 a prime number?
True
Is 17188237309 a composite number?
True
Is 212581034 a composite number?
True
Is 511405757 a prime number?
True
Is 34506579949 a prime number?
True
Is 6055287661 composite?
True
Is 3358031287 prime?
False
Is 45722963761 composite?
False
Is 65370211 composite?
True
Is 350300507083 composite?
True
Is 78155385757 composite?
False
Is 150628069 composite?
True
Is 70236311837 a prime number?
True
Is 4647393307 a composite number?
False
Is 552332987 composite?
False
Is 85449825463 composite?
False
Is 3000259673 composite?
True
Is 9324754331 a composite number?
False
Is 4064958734 a prime number?
False
Is 79497592483 a prime number?
False
Is 6096723803 composite?
True
Is 5828689829 composite?
True
Is 37910533 a composite number?
True
Is 4606299517 prime?
False
Is 1200552755 prime?
False
Is 46819582987 prime?
False
Is 18303703237 a composite number?
True
Is 1309801301 prime?
False
Is 4548595015 prime?
False
Is 1991874769 a prime number?
True
Is 5910703489 a composite number?
False
Is 117255193 prime?
False
Is 1172103973 composite?
False
Is 58366383 prime?
False
Is 40007801 a prime number?
True
Is 35530972901 composite?
False
Is 439245137 composite?
False
Is 1792172999 a prime number?
True
Is 70897944479 prime?
False
Is 37980719209 prime?
False
Is 865093 prime?
False
Is 1577611769 composite?
False
Is 905290747 a composite number?
False
Is 22733753243 composite?
True
Is 143911602091 a composite number?
True
Is 108149267297 prime?
False
Is 1856027427 composite?
True
Is 3802905971 a prime number?
False
Is 5660123891 prime?
True
Is 1710029389 a composite number?
False
Is 3400089409 prime?
True
Is 199201259671 prime?
False
Is 1234431187 prime?
False
Is 1418493347 a prime number?
False
Is 77653984321 a composite number?
True
Is 4211573671 composite?
False
Is 3524444299 a prime number?
True
Is 313018591 prime?
True
Is 777443857 composite?
True
Is 18440796527 prime?
True
Is 127139252131 prime?
False
Is 26109616781 a prime number?
True
Is 6129252019 prime?
False
Is 2469612571 prime?
False
Is 1886373254 composite?
True
Is 8603023721 composite?
True
Is 342924653 composite?
False
Is 2336098819 a prime number?
True
Is 2487041929 composite?
True
Is 217284029 composite?
True
Is 601538939 prime?
True
Is 788968919 a prime number?
True
Is 32413424837 composite?
False
Is 3346568621 prime?
False
Is 7592630231 a prime number?
True
Is 6142951571 prime?
True
Is 1044288947 a composite number?
True
Is 102186805361 prime?
False
Is 164846243231 a composite number?
False
Is 6174059509 composite?
True
Is 2328161159 composite?
False
Is 2434410743 prime?
False
Is 622205553 prime?
False
Is 11730627659 composite?
False
Is 266928281 prime?
False
Is 23091495331 a composite number?
False
Is 7045812233 a prime number?
True
Is 750984287 prime?
False
Is 2138808107 a prime number?
True
Is 38569208291 composite?
True
Is 9093273419 prime?
True
Is 10427116867 a prime number?
False
Is 402310133 prime?
True
Is 12001891939 prime?
True
Is 904136029 prime?
False
Is 123330533069 a composite number?
False
Is 1865513789 prime?
False
Is 19074527137 a composite number?
True
Is 3068212109 composite?
False
Is 275349089 prime?
False
Is 8612531 a prime number?
True
Is 97017358765 composite?
True
Is 2918168597 a composite number?
True
Is 5575436351 a composite number?
False
Is 2156539831 composite?
True
Is 3342734413 prime?
True
Is 105420863 composite?
True
Is 66694919659 a prime number?
False
Is 41583952471 prime?
True
Is 497759137 a composite number?
False
Is 360313783 a composite number?
True
Is 9016193 a prime number?
True
Is 4809920419 a prime number?
False
Is 616226287 a prime number?
False
Is 882763669 composite?
True
Is 460886821 a prime number?
False
Is 1735982099 prime?
False
Is 193164420101 composite?
False
Is 281056509937 a composite number?
True
Is 161277877 a composite number?
False
Is 39165843187 a composite number?
True
Is 1104874157 a composite number?
False
Is 266312467 a composite number?
False
Is 5315713751 a prime number?
True
Is 6416994149 prime?
True
Is 5538832471 a prime number?
False
Is 307465153 a prime number?
False
Is 11311909883 a composite number?
True
Is 904769893 prime?
True
Is 44146752511 a prime number?
True
Is 20853031051 composite?
True
Is 181504513 a prime number?
True
Is 3940548607 composite?
False
Is 33880421 a composite number?
True
Is 5773967039 a prime number?
False
Is 261331445 prime?
False
Is 239080223 a composite number?
False
Is 3594170789 prime?
False
Is 2877025489 composite?
True
Is 69174127877 composite?
True
Is 1719035911 a composite number?
False
Is 295895731 a composite number?
True
Is 9835054399 a prime number?
True
Is 29373653857 prime?
False
Is 4843480865 prime?
False
Is 4607008639 a prime number?
False
Is 6096234671 a prime number?
True
Is 61622753 composite?
False
Is 9301343417 a prime number?
True
Is 701353637 a composite number?
False
Is 14912833795 a prime number?
False
Is 3773218693 prime?
True
Is 41321120353 prime?
True
Is 1826198447 composite?
False
Is 33698855 prime?
False
Is 31261937257 a composite number?
True
Is 9594527741 a composite number?
False
Is 2080362289 prime?
False
Is 92368082783 a composite n